e 9?
-2855
What is -11225 (base 7) in base 3?
-10220222
What is -1503 (base 12) in base 15?
-ad6
Convert 1313 (base 7) to base 14.
27a
15282 (base 9) to base 13
49a3
1b4c (base 13) to base 7
15004
Convert -2500 (base 6) to base 14.
-31a
-11003 (base 4) to base 13
-1bb
Convert -1135 (base 7) to base 13.
-262
What is 30654 (base 11) in base 5?
2412313
37712 (base 11) to base 12
27384
What is 3d12 (base 14) in base 11?
8125
What is -31d7 (base 14) in base 12?
-4ba1
What is -204134 (base 7) in base 11?
-24383
Convert -2002 (base 4) to base 14.
-94
-220020 (base 3) to base 13
-3b4
-5ab (base 15) to base 14
-67c
c25 (base 14) to base 9
3240
513 (base 16) to base 10
1299
Convert 27488 (base 10) to base 2.
110101101100000
Convert 12220220 (base 3) to base 10.
4317
1071 (base 9) to base 7
2212
What is 7226 (base 11) in base 13?
4496
What is -122210 (base 4) in base 16?
-6a4
What is -ca25 (base 14) in base 16?
-8869
What is 2304 (base 7) in base 16?
345
What is 372 (base 9) in base 5?
2213
What is 527 (base 9) in base 4?
12232
1113232 (base 5) to base 12
b575
Convert -4312 (base 5) to base 3.
-210120
-155210 (base 6) to base 15
-4879
Convert -1124 (base 5) to base 13.
-c8
3a (base 13) to base 6
121
What is -90a (base 11) in base 2?
-10001001011
Convert -114650 (base 7) to base 5.
-1132114
Convert 1336 (base 8) to base 9.
1005
-1147 (base 8) to base 14
-31d
Convert -1232 (base 12) to base 3.
-2211002
233 (base 7) to base 16
7a
-31144 (base 8) to base 14
-49b6
Convert -10556 (base 13) to base 9.
-44382
Convert 111010011000100 (base 2) to base 11.
20505
Convert -15215 (base 7) to base 15.
-13bb
What is 16 (base 14) in base 6?
32
54206 (base 7) to base 6
142225
What is 113456 (base 8) in base 11?
27094
-2230 (base 5) to base 3
-102200
-3221 (base 4) to base 9
-278
-968 (base 13) to base 11
-1231
Convert c (base 14) to base 12.
10
Convert 210211212 (base 3) to base 7.
64301
Convert -b01 (base 14) to base 13.
-c9c
What is -201 (base 3) in base 8?
-23
Convert 1d68 (base 16) to base 11.
5724
Convert -2a26 (base 15) to base 4.
-2031030
What is 514 (base 6) in base 8?
276
Convert 68e (base 15) to base 13.
8a2
101011111 (base 3) to base 7
30415
What is 1a46 (base 16) in base 9?
10203
What is -abc (base 13) in base 16?
-735
What is 1440 (base 8) in base 11?
668
Convert a34 (base 13) to base 2.
11011000101
Convert -3635 (base 7) to base 10.
-1349
-2170 (base 9) to base 5
-22402
What is 2104313 (base 5) in base 6?
425502
Convert 3002 (base 4) to base 14.
dc
11000010110000 (base 2) to base 14
4784
-1a326 (base 12) to base 15
-b603
-10121100 (base 5) to base 6
-1434350
-32c2 (base 14) to base 6
-104414
Convert -ed (base 15) to base 14.
-11d
What is 16730 (base 10) in base 13?
77cc
Convert 1b00b (base 15) to base 8.
253321
Convert -214204 (base 5) to base 16.
-1d05
Convert -7225 (base 12) to base 4.
-3001331
Convert 255 (base 8) to base 10.
173
-21961 (base 10) to base 9
-33111
What is 1130300 (base 4) in base 12?
3528
Convert 3661 (base 7) to base 14.
6d8
What is 2ea3 (base 15) in base 11?
760a
Convert -13716 (base 8) to base 4.
-1133032
What is 237 (base 14) in base 10?
441
Convert 15203 (base 6) to base 14.
c71
-421 (base 10) to base 14
-221
Convert -3284 (base 10) to base 2.
-110011010100
Convert 11d (base 15) to base 8.
375
92a6 (base 11) to base 16
3031
What is 3111 (base 5) in base 16?
196
Convert 6587 (base 10) to base 6.
50255
What is 31314 (base 5) in base 11?
1625
What is -17bb (base 12) in base 10?
-2879
What is -99 (base 16) in base 10?
-153
What is -7893 (base 10) in base 6?
-100313
-33710 (base 10) to base 13
-12461
110010111 (base 2) to base 9
502
dbd (base 14) to base 5
41330
What is 13141 (base 5) in base 2?
10000010110
What is -18 (base 14) in base 12?
-1a
a71a (base 12) to base 14
695c
Convert -115332 (base 7) to base 15.
-63b3
270d (base 16) to base 14
3901
What is 110101011 (base 2) in base 15?
1d7
-82 (base 16) to base 14
-94
Convert -1209 (base 10) to base 8.
-2271
-5110 (base 6) to base 2
-10001100010
Convert 346 (base 9) to base 2.
100011101
Convert -8831 (base 11) to base 10.
-11650
What is 29781 (base 12) in base 15?
12354
Convert 60120 (base 9) to base 2.
1001101000101001
What is -10001110 (base 2) in base 12?
-ba
What is -297 (base 11) in base 16?
-15c
What is 51a (base 12) in base 9?
1014
What is 1101111100110 (base 2) in base 6?
53022
Convert -2906 (base 11) to base 10.
-3757
What is 10000000010 (base 2) in base 12?
716
19a (base 11) to base 9
275
451 (base 9) to base 14
1c6
6662 (base 8) to base 7
13136
What is -20522 (base 6) in base 10?
-2786
What is 1422 (base 5) in base 3?
22210
-102202222 (base 3) to base 12
-4b75
-1738 (base 10) to base 16
-6ca
3120320 (base 4) to base 10
13880
-454 (base 16) to base 9
-1461
538 (base 10) to base 14
2a6
What is -1488 (base 13) in base 6?
-21453
Convert 32a3 (base 13) to base 3.
100200120
Convert 100011000 (base 2) to base 6.
1144
Convert -20a3 (base 11) to base 13.
-1356
Convert -491d (base 14) to base 2.
-11000111011111
Convert 33866 (base 11) to base 6.
1014352
1020210010 (base 3) to base 12
12303
Convert 34c (base 15) to base 13.
456
What is -5b8 (base 14) in base 2?
-10001110110
Convert 11ae (base 16) to base 9.
6178
-122 (base 11) to base 15
-9a
Convert 1063 (base 8) to base 13.
344
Convert -20011011 (base 3) to base 16.
-1186
Convert -33 (base 6) to base 16.
-15
Convert -84 (base 10) to base 5.
-314
-37160 (base 9) to base 10
-24921
-25463 (base 7) to base 11
-5094
What is -5198 (base 14) in base 12?
-816a
Convert -1232033 (base 4) to base 14.
-27dd
What is 1119 (base 11) in base 4?
113000
Convert 18 (base 15) to base 6.
35
Convert -9a08 (base 16) to base 12.
-1a9a0
Convert 616 (base 7) to base 12.
217
What is -290b (base 13) in base 10?
-5926
What is 718 (base 16) in base 4?
130120
2267 (base 11) to base 6
21441
Convert a635 (base 12) to base 14.
68ad
What is 3041 (base 10) in base 12?
1915
What is 46ae (base 15) in base 7?
61526
Convert -a629 (base 16) to base 8.
-123051
What is 33ba (base 14) in base 6?
105332
What is -1001233 (base 4) in base 14?
-1767
Convert c8 (base 15) to base 10.
188
-10101101100 (base 2) to base 12
-978
Convert 156500 (base 7) to base 14.
b4a7
-8093 (base 12) to base 16
-366f
31010 (base 4) to base 15
3ab
-10001000001 (base 2) to base 11
-900
Convert -422121 (base 5) to base 7.
-55631
What is 558 (base 11) in base 4?
22130
-503 (base 10) to base 13
-2c9
Convert -528 (base 9) to base 2.
-110101111
What is -505 (base 9) in base 12?
-2a2
Convert 1334b (base 13) to base 12.
1880a
What is -1507 (base 9) in base 12?
-7b1
Convert -4285 (base 12) to base 9.
-11012
106376 (base 8) to base 9
54454
Convert 1220020 (base 3) to base 9.
1806
What is 56626 (base 9) in base 10?
37689
Convert -836 (base 10) to base 7.
-2303
What is -c9a (base 16) in base 15?
-e51
Convert 11d1 (base 15) to base 2.
111011010100
Convert -3af (base 16) to base 13.
-577
What is -357 (base 16) in base 7?
-2331
101101101100001 (base 2) to base 5
1222033
-12310 (base 5) to base 9
-1271
Convert 2213 (base 5) to base 13.
1a9
Convert 1df1 (base 16) to base 8.
16761
What is 14881 (base 9) in base 15?
304d
18073 (base 11) to base 14
9361
What is 2873 (base 9) in base 6?
14020
Convert 3007 (base 9) to base 11.
1715
24345 (base 6) to base 12
20b5
Convert 459 (base 12) to base 4.
22011
-6544 (base 11) to base 7
-34121
What is -4331 (base 6) in base 14?
-50b
What is 42121 (base 7) in base 11?
7863
Convert 656 (base 16) to base 5.
22442
What is 38 (base 14) in base 13?
3b
Convert -1010201 (base 3) to base 12.
-591
What is -10110000 (base 2) in base 4?
-2300
What is -102 (base 10) in base 16?
-66
242 (base 13) to base 12
288
What is -33732 (base 9) in base 14?
-828a
What is -5848 (base 10) in base 9?
-8017
1140 (base 12) to base 5
30140
Convert -20022 (base 4) to base 10.
-522
-462 (base 13) to base 11
-628
What is 46a (base 13) in base 5?
11024
Convert -13542 (base 6) to base 2.
-100001100110
-1887 (base 15) to base 7
-21313
Convert 2a16 (base 12) to base 11.
3768
What is -455 (base 9) in base 10?
-374
What is 58368 (base 9) in base 11?
27292
Convert 300 (base 8) to base 7.
363
370 (base 9) to base 12
216
Convert 34b1 (base 12) to base 4.
1130011
1003025 (base 6) to base 13
18701
What is -111332 (base 4) in base